e remainder when 37196/170 + 1/5 is divided by 22.
21
Let m(v) = -v**3 + 5*v**2 - 2*v - 4. Let c be m(4). Let d(j) = 4*j**2 - 7*j + 6. Calculate the remainder when d(c) is divided by 9.
6
Let d = -458 + 721. Calculate the remainder when d is divided by 5.
3
Suppose 3*i - 48 = -3*c, 2*c + i + 52 = 87. Calculate the remainder when 1553 is divided by c.
14
What is the remainder when 2/13 - (-4)/(156/501) is divided by 16/(-20) + (-44)/(-5)?
5
Suppose 0 = p - 0*c + 3*c - 32, c + 180 = 4*p. Calculate the remainder when 569 is divided by p.
41
Suppose 4*r = -3*j + 13, 0 = -4*j - 0*j + 4*r + 8. Let s be 1 + -3 - (-1 - -2). Calculate the remainder when (s + 8 - 2) + 4 is divided by j.
1
Let z(d) = 17*d + 121. Let j be z(-7). Let k(r) = 6*r**2 + r - 6. What is the remainder when -1*74/4*-2 is divided by k(j)?
17
Suppose -4*g = 3*f - 398, -5*g - 7 + 503 = 3*f. What is the remainder when 487 is divided by g?
95
Let d = -18 - -20. Suppose 2 = -d*r + 6. What is the remainder when 4 is divided by r?
0
Let h(o) = o**2 - 11*o + 15. Let u be h(10). Suppose 3*b + 20 = u*b. Calculate the remainder when 37 is divided by b.
7
Suppose 12 = -3*l + 5*l + 4*q, 3*l - 4*q = 48. Let t(v) = v - 3. Calculate the remainder when t(l) is divided by 3.
0
Let u be (-7)/(-21) + 663/9. Suppose 5*m - 176 - u = 0. Calculate the remainder when m is divided by 13.
11
Let u be 23*(2 + (-1 - 0)). Let b = -8 + u. What is the remainder when b is divided by 9?
6
Suppose 5*o - 190 = -2*f, 2*o - 55 = -2*f - 3*f. What is the remainder when 195 is divided by o?
35
Suppose -116*h - 96 = -122*h. Let x(r) = 48*r**2 - 1. Calculate the remainder when x(-1) is divided by h.
15
Let u = -2274 + 2767. What is the remainder when u is divided by 26?
25
Let a(w) = -3*w - 1 + 2 + 0*w - 2. Let j be a(-2). Suppose -2*l - j*y + 0*y = 13, 3*y + 39 = 4*l. What is the remainder when 21 is divided by l?
3
Let g be -1 + -2 + (-288)/(8/(-2)). Let a = 30 + g. Suppose 5*t - 2*q + 36 - 151 = 0, 0 = -t + q + 20. Calculate the remainder when a is divided by t.
24
Let f(d) = -81*d - 5. Let b be f(-5). Let x be (-2)/(-13) - b/65. What is the remainder when (-13)/(-3) - 4/x is divided by 4?
1
Calculate the remainder when 23 is divided by 230/26 - 134/(-871).
5
Suppose 0 = 2*c + 8 - 52. Let n be c + -2 + 6 + 0. Suppose -2*l + d + 152 = 0, -d + n = 4*l - 272. Calculate the remainder when l is divided by 19.
18
Let l = 354 - 344. Suppose -4*t - 2*c - 6 = -24, -5*t + 25 = 5*c. What is the remainder when l is divided by t?
2
Let k be (4/(-8))/(3/(-24)). Suppose -6*s = -k*s - 160. Calculate the remainder when s is divided by 27.
26
Let m(a) = a**2 - 3*a - 1. Let c = 518 - 514. Calculate the remainder when m(8) is divided by c.
3
Let k = -1113 - -1126. Calculate the remainder when 141 is divided by k.
11
Let r(o) = -27*o - 1. Let h be r(-2). Suppose h - 5 = 2*b. Let z = -7 + b. Calculate the remainder when z is divided by 9.
8
Suppose 4*t - 3 = 17. Let l(u) = -495*u + 1032. Calculate the remainder when l(2) is divided by t.
2
Suppose -3*q + 5*j + 18 + 40 = 0, -4*q + 60 = 2*j. Suppose 3*t + 5*d - 5 = 0, 0 = -t + 3*d - d + 9. Calculate the remainder when q is divided by t.
1
Suppose 0 = 14*u - 10*u - 100. Suppose 5*z - 40 = -u. What is the remainder when 16 is divided by z?
1
Let n(q) = 8*q**3 + 2*q**2 - 3*q. Let o = -11 - -13. Calculate the remainder when n(o) is divided by 23.
20
Let s be (-27)/5*15/(-1). Suppose -l + s = 23. Calculate the remainder when l is divided by 10.
8
Let j(h) = h**2 - 3*h**2 - 43 + 48 - h**3. What is the remainder when 48 is divided by j(-3)?
6
Calculate the remainder when (-1)/2*-718*1/1 is divided by 73.
67
Let c(o) = -28*o - 110. Let h(w) = 4*w + 27. Let q(f) = 2*f + 14. Let j(i) = -4*h(i) + 7*q(i). What is the remainder when c(-5) is divided by j(-9)?
6
Suppose -4*a - 3*t + 2 = -0*t, t + 2 = -4*a. Let g = 6 + a. Suppose 0 = 3*k - g*h + 1, 3*k - 11 = -h. What is the remainder when 6 is divided by k?
0
Let v be -2*(-3 + 9/6). Let b = 10 + -8. Suppose -v = -b*n + n. Calculate the remainder when 7 is divided by n.
1
Calculate the remainder when 21 is divided by 81/5 + 9/(-45).
5
Let w = 156 - 95. What is the remainder when 239 is divided by w?
56
Suppose -2*c = -3*s + 482, -4*s + 9*c + 636 = 8*c. What is the remainder when s is divided by 28?
18
Calculate the remainder when -16*(-7)/(21/6) is divided by 3.
2
Suppose -27*q = -5*q - 352. What is the remainder when 26 is divided by q?
10
Suppose 4*o - 4*h = 368, 2*h + 124 = 3*o - 156. Let p = -5 - -16. Calculate the remainder when o is divided by p.
8
Let m(i) = -i**3 - 8*i**2 + 6*i - 5. Let l = 38 + -47. What is the remainder when 41 is divided by m(l)?
19
Suppose 9*w = -102 + 174. Let u be ((-9)/2)/((-2)/(-16)). Let c = 59 + u. Calculate the remainder when c is divided by w.
7
Suppose -8*o = -3*o - 705. Suppose -5*g - 974 = -4*u, 4*u + 3*g - 103 = 887. Let s = u - o. Calculate the remainder when s is divided by 36.
33
Let g(f) = 5*f**3 - 3*f**2 + 2*f - 1. Calculate the remainder when g(2) is divided by (-20)/(-70) - (-54)/7.
7
Let f = 6 + -7. Let l = f - -3. Calculate the remainder when 2/(2 - (-16)/(-10)) is divided by l.
1
Calculate the remainder when (-28)/4*(3 + -8) is divided by 3.
2
Suppose -b = -4*b + 12. Suppose 4*r + 4*n = -8, 3*n = 3*r - 14 - b. Let f = 194 - 187. Calculate the remainder when f is divided by r.
1
Suppose 0 = -2*v - 4*g + 24, -2*v + 4 = 5*g - 23. Let f(h) = 3*h - 22. What is the remainder when f(10) is divided by v?
2
Let k(l) = 55*l - 242. Calculate the remainder when 195 is divided by k(5).
30
Let n = 14 + -14. Let p(x) = -x**3 + x**2 - x + 4. Let h be p(n). Suppose 0*s - 50 = -h*s + 3*b, 0 = s + b - 16. Calculate the remainder when s is divided by 4.
2
Suppose c - 5*p = -2*c + 307, c - 3*p - 101 = 0. Calculate the remainder when c is divided by 22.
16
Let o(t) = -2*t**2 + 9. Let u be o(-3). Calculate the remainder when 34 is divided by -39*((-2)/(-6) - (-6)/u).
8
What is the remainder when 98 is divided by ((-4)/(-3))/((-28)/(-567))?
17
Suppose 0 = 5*s - 46 - 79. Calculate the remainder when s is divided by 87/(-58) + 99/6.
10
Let r = 29 - 21. Suppose 2*q - r = -2*d - 0*d, -43 = -2*q + 5*d. Calculate the remainder when q is divided by 5.
4
Let s = 107 - 53. Suppose -5 = 5*u, -6*u + u = -b + 44. Let d = b - 20. Calculate the remainder when s is divided by d.
16
Suppose -3*s + 42 = 3*c, 2*c + 2*s - 13 = c. Let w = -9 + c. What is the remainder when 35 is divided by w?
5
Calculate the remainder when 60 is divided by ((-17)/51)/((-2)/42).
4
Let p = 1102 + -749. What is the remainder when p is divided by 60?
53
Suppose 2*u - 405 = f, 284 + 324 = 3*u - 2*f. What is the remainder when u is divided by 45?
22
Let d(g) = -5*g - 8. Let o be d(-6). Let y = -16 + 21. Suppose -k - b + 28 = b, o = k + y*b. Calculate the remainder when k is divided by 17.
15
Let n be ((-74)/(-4)*(4 - 2))/1. Let h = 43 - n. What is the remainder when 16 is divided by h?
4
Suppose -y = 5*i - 114, 2*y + 0*i - 188 = -2*i. Suppose 3*f = -q + 58, -f + 247 = 3*q + y. Calculate the remainder when q is divided by 30.
22
Suppose 18 + 21 = 5*y - 2*o, 4*o = -y + 21. Let t = 484 + -341. Suppose 5*j - t + 28 = 0. Calculate the remainder when j is divided by y.
5
Let k = -20 + 23. Suppose -5*p - u = -252, -k*p = u - 4*u - 144. Calculate the remainder when p is divided by (1 - -12*1)*1.
11
Suppose 3*r + 3*s + s = 14, -3*r - s = -17. Suppose -708 = -r*b + 330. What is the remainder when b is divided by 44?
41
Suppose -2*t + 30 = -3*t - 3*l, 5*l = -3*t - 78. Let b = 28 + t. Calculate the remainder when 13 is divided by b.
6
Let k be (-2 - 95)/(3/6). Let w = 124 + k. What is the remainder when 13 is divided by (28/w)/((-2)/20)?
1
Suppose -3*i + 3*k + 292 = 37, 0 = i + 4*k - 70. What is the remainder when 232 is divided by i?
68
Suppose -2*g + 2*o = 2 - 20, 3*g - 3 = -5*o. Suppose -g + 18 = 4*w. Suppose -5*l = w*p - 2*l - 69, -3*l = 0. Calculate the remainder when p is divided by 12.
11
Let g be -3 - -2*18/4. Let r(i) = -i**2 - 4*i + 2 + 0*i - 6*i**3 + 10*i**2 + 5*i**3. Calculate the remainder when r(g) is divided by 22.
20
Suppose 558 = -0*x + 6*x. What is the remainder when x is divided by 25?
18
Let u be ((-2)/(-4))/((-1)/68). Let y = 137 + 4. Let k = y + u. What is the